composite number?
False
Is 31365479 a composite number?
False
Is 3747763 prime?
False
Is 20489143 a prime number?
False
Is 1186879 a composite number?
False
Is 9356297 prime?
True
Is 84283619 a prime number?
False
Is 12312709 a composite number?
True
Is 14388865 a prime number?
False
Is 63899837 prime?
False
Is 272301397 prime?
False
Is 1936813 composite?
False
Is 1675229 prime?
False
Is 2354239 composite?
False
Is 213971089 prime?
False
Is 4281185 composite?
True
Is 129559519 prime?
True
Is 997627 a prime number?
True
Is 45771521 a composite number?
False
Is 2123557 prime?
True
Is 13496411 a composite number?
False
Is 35505793 a composite number?
False
Is 236448391 prime?
True
Is 2617321 prime?
False
Is 1301821 a composite number?
False
Is 474515 a composite number?
True
Is 32474671 prime?
True
Is 213761 composite?
True
Is 43798393 composite?
True
Is 33247447 a prime number?
True
Is 15500237 a composite number?
False
Is 13249037 a prime number?
True
Is 193681 prime?
False
Is 156401 composite?
True
Is 21760489 prime?
True
Is 119303 a prime number?
False
Is 513977 prime?
True
Is 12578123 composite?
True
Is 2542717 a composite number?
True
Is 627297479 prime?
True
Is 1233071 a prime number?
False
Is 9976313 a prime number?
True
Is 140383447 a composite number?
False
Is 370977067 a prime number?
True
Is 34529423 a composite number?
False
Is 115703011 composite?
True
Is 5492471 a prime number?
True
Is 144387263 composite?
True
Is 22852021 composite?
False
Is 27362381 composite?
False
Is 5851277 composite?
False
Is 552968943 a prime number?
False
Is 3254317 composite?
True
Is 24857653 a prime number?
False
Is 4877437 prime?
False
Is 575351 a composite number?
True
Is 14181763 a prime number?
True
Is 35235573 a prime number?
False
Is 3397243 a prime number?
True
Is 8200819 prime?
False
Is 33721213 composite?
True
Is 22948433 a prime number?
True
Is 33854167 a composite number?
True
Is 452821 a prime number?
True
Is 37545785 a prime number?
False
Is 76846139 a prime number?
True
Is 325612795 a composite number?
True
Is 3563467 composite?
False
Is 34911671 composite?
False
Is 55302613 composite?
False
Is 2767538519 a composite number?
False
Is 25881153 a composite number?
True
Is 90427049 a composite number?
False
Is 46301 a composite number?
False
Is 1568363 composite?
True
Is 2762399 prime?
False
Is 3658289 a prime number?
False
Is 701237 a composite number?
True
Is 1604423 a prime number?
False
Is 19669609 composite?
False
Is 7392239 prime?
True
Is 1820999 prime?
True
Is 34353791 composite?
False
Is 353689261 composite?
True
Is 144659 composite?
False
Is 700057 a prime number?
True
Is 13891 a prime number?
False
Is 173361941 a prime number?
True
Is 41383 composite?
True
Is 247426563 prime?
False
Is 20688665 prime?
False
Is 12241651 a composite number?
False
Is 5593531 prime?
False
Is 499708537 prime?
True
Is 128117813 prime?
True
Is 2305169 prime?
True
Is 4273331 a prime number?
False
Is 86560967 composite?
True
Is 108387221 prime?
True
Is 10239205 a prime number?
False
Is 236116333 prime?
False
Is 2088679 a prime number?
True
Is 12263857 prime?
False
Is 68917093 prime?
False
Is 9350269 a prime number?
True
Is 13906079 a prime number?
False
Is 8044567 a composite number?
True
Is 9907187 a prime number?
True
Is 24347513 a prime number?
True
Is 423341 composite?
False
Is 9461953 composite?
True
Is 27551569 composite?
True
Is 74204401 composite?
False
Is 10803851 a prime number?
True
Is 25316711 a prime number?
False
Is 75905689 a prime number?
True
Is 19025759 composite?
True
Is 12792049 a composite number?
False
Is 2176217 a composite number?
True
Is 60045991 prime?
False
Is 8880079 a prime number?
False
Is 4943283 a composite number?
True
Is 18328607 a composite number?
True
Is 723067327 composite?
False
Is 537985781 a composite number?
False
Is 15923221 composite?
False
Is 13886831 a prime number?
False
Is 6558683 a prime number?
True
Is 17196665 a prime number?
False
Is 7044847 a prime number?
False
Is 13828651 a prime number?
True
Is 413369113 a composite number?
False
Is 14255119 prime?
False
Is 45448271 a prime number?
False
Is 66402061 composite?
True
Is 475804663 prime?
True
Is 275151689 a composite number?
False
Is 76932739 a prime number?
False
Is 4734767 a composite number?
False
Is 77804695 composite?
True
Is 6509639 a prime number?
False
Is 51843047 a prime number?
False
Is 964163 a prime number?
False
Is 1299203 composite?
False
Is 3752363 a prime number?
False
Is 2997997 a composite number?
False
Is 42847379 prime?
True
Is 1403691 a composite number?
True
Is 143747735 a prime number?
False
Is 2775551 prime?
True
Is 3692833 prime?
False
Is 73390859 a prime number?
True
Is 27522787 prime?
False
Is 130280881 a prime number?
True
Is 93500647 prime?
True
Is 1829423 composite?
True
Is 45345603 a prime number?
False
Is 1163677 a composite number?
True
Is 27399457 a prime number?
True
Is 16062367 composite?
False
Is 3994109 prime?
False
Is 10477063 a composite number?
False
Is 122606899 composite?
False
Is 15789511 prime?
True
Is 27086507 a composite number?
True
Is 115053089 a prime number?
False
Is 26517871 a prime number?
True
Is 178109507 prime?
True
Is 12330051 composite?
True
Is 7697153 a composite number?
False
Is 7296331 prime?
False
Is 22952051 composite?
False
Is 20864087 a composite number?
False
Is 2237671 a composite number?
False
Is 25730977 a prime number?
True
Is 17757034 a prime number?
False
Is 163263413 a prime number?
True
Is 16861111 composite?
False
Is 601934 a prime number?
False
Is 3078259 composite?
False
Is 12036623 a prime number?
True
Is 1213819 composite?
True
Is 350891647 a prime number?
True
Is 3810829 prime?
False
Is 11791147 prime?
False
Is 4032698 prime?
False
Is 13091173 composite?
True
Is 1698913 composite?
False
Is 90404479 a prime number?
False
Is 6798593 composite?
True
Is 400517 prime?
False
Is 5870947 a prime number?
False
Is 76186358 composite?
True
Is 213655913 a composite number?
True
Is 1655707 composite?
False
Is 15583241 a prime number?
True
Is 18718061 composite?
True
Is 205408141 a prime number?
True
Is 42228679 a composite number?
False
Is 6977521 prime?
False
Is 5711983 composite?
True
Is 26286619 composite?
False
Is 125764321 prime?
True
Is 9082483 composite?
False
Is 59068619 a prime number?
True
Is 789880269 a composite number?
True
Is 261694387 a prime number?
True
Is 2798837 a prime number?
True
Is 6381347 a composite number?
True
Is 17291019 a prime number?
False
Is 101531935 a prime number?
False
Is 1057047 a composite number?
True
Is 174197 a prime number?
True
Is 353359 a composite number?
False
Is 1350971 a prime number?
False
Is 5105951 a prime number?
True
Is 579783433 a composite number?
False
Is 503443 composite?
True
Is 10208129 prime?
False
Is 1176137 prime?
True
Is 8309579 a prime number?
True
Is 5000015 a composite number?
True
Is 13107691 prime?
False
Is 17357563 prime?
False
Is 23238155 a prime number?
False
Is 505994261 a composite number?
True
Is 4961633 a composite number?
False
Is 148647215 composite?
True
Is 279719327 composite?
False
Is 3990911 prime?
False
Is 7719451 prime?
True
Is 19027513 a prime number?
True
Is 5450509 prime?
True
Is 53304859 a composite number?
True
Is 2665093 a prime number?
True
Is 120339409 prime?
False
Is 23792641 a prime number?
False
Is 1101169 a prime number?
True
Is 1005883 a prime number?
True
Is 42405287 a composite number?
False
Is 80109011 a prime number?
False
Is 3127601 prime?
True
Is 10415723 composite?
False
Is 1331801 a prime number?
True
Is 1893961 a composite number?
True
Is 104817973 composite?
True
Is 44960917 composite?
False
Is 1028310353 a composite number?
True
Is 264415339 a prime number?
True
Is 802643 a prime number?
True
Is 1368161 prime?
True
Is 131659 a prime number?
False
Is 66076483 a prime number?
False
Is 13082747 prime?
False
Is 330027899 a composite number?
False
Is 90764174 a composite number?
True
Is 33963899 a composite number?
True
Is 256190329 a composite number?
False
Is 6571121 prime?
False
Is 28466087 prime?
False
Is 132180119 composite?
True
Is 266587 composite?
False
Is 73062029 composite?
True
Is 30353533 prime?
False
Is 63703 prime?
True
Is 13198709 prime?
False
Is 12168689 a composite number